f f/44*17*-4?
8
Let c(q) = -6*q + 14. Let o be c(5). What is the units digit of ((o + 0)/(-2))/2?
4
Suppose 0 = -8*g + 10*g + 2. Let h(n) = -n**2 + n + 1. Let v be h(g). What is the units digit of (-3 - v) + (2 - -46)?
6
Let y(k) = 2*k**3 + k**2 - k + 5. Suppose 7*a - 4*a + 2*f - 3 = 0, 5*a - 27 = 4*f. What is the units digit of y(a)?
5
Let l(t) be the third derivative of -11*t**4/12 + 4*t**3 - 6*t**2. What is the tens digit of l(-7)?
7
Let v be -3 - (1 - 2) - (10 + 16). Let m = v - -48. What is the tens digit of m?
2
Let v(f) = 6*f**3 - 12*f**2 + 2*f + 41. What is the tens digit of v(6)?
1
Suppose -4*s - 12 = -0*s - 3*f, 4*s - 4*f = -16. Let d be (1 - s)/((-6)/(-18)). Suppose 24 = 2*j - 2*n - 8, -d*n = 5*j - 112. What is the units digit of j?
0
Suppose 0*r = 5*r + u - 2615, -4*u + 2108 = 4*r. What is the tens digit of r?
2
Let j(l) = -28*l + 420. What is the tens digit of j(-18)?
2
Let p = -24 + 21. What is the units digit of (-2)/p + ((-232)/3)/(-1)?
8
Suppose 5 = 4*i - 7. Suppose -i*q = -0*q - 9. Suppose q*x = 8 + 13. What is the units digit of x?
7
Let b = -1825 - -3780. What is the tens digit of b?
5
Let x be (-8 - -4) + (5 - 3). What is the units digit of ((-3)/x + -1)/((-5)/(-3060))?
6
Suppose -5*r = 5*f - 15, 4*f - 3 = 2*r + 3*f. Suppose r = -2*p - 3*x - 15, 2*x + 0*x = -3*p - 15. What is the units digit of -7*(-1 + p + 0)?
8
Let o = -345 - -2330. What is the thousands digit of o?
1
Let h be 2112/(-11)*10/(-3). Let i = h - 401. What is the units digit of i?
9
Suppose 6*g - 11*g - 2*x + 4842 = 0, 0 = -4*g - 4*x + 3864. What is the units digit of g?
0
Let j(s) = -s + 4*s**2 + 2*s**2 + s**2 - 6*s**2. Let c be j(2). Suppose c*q = -q + 123. What is the tens digit of q?
4
Let r(s) = 7*s**2 - 20 - 18*s**2 + 3*s**2 + 13*s**2 - 5*s. What is the hundreds digit of r(6)?
1
Let t = -119 + 54. What is the tens digit of (-10 - -9)*(-1 + t)?
6
Let a(t) = -2*t**2 + 7*t - 4. Let w(r) = -5*r - 1. Let k be w(-1). Let y be a(k). Let j(q) = q**3 + 9*q**2 + 6*q - 6. What is the tens digit of j(y)?
1
Let o(n) = n**2 + 17*n - 21. Let a be o(-14). Let v = a + 141. What is the tens digit of v?
7
Let i = 143 - -359. What is the units digit of i?
2
Suppose 13*h - 538 - 1555 = 0. What is the units digit of h?
1
What is the hundreds digit of 2*(-4 - 0) + (349 - -34)?
3
Suppose -23*v + 2253 = -21*v + 3*f, 3*f + 1122 = v. What is the hundreds digit of v?
1
Let j = -10 - -13. Let x(y) = -y**3 + 3*y**2 - 2*y - 2. Let p be x(j). Let t = p + 12. What is the units digit of t?
4
Let y = -165 - -927. What is the units digit of y?
2
Suppose -2*t + 4*y + 4760 = 0, -15*y + 16*y = 4*t - 9506. What is the thousands digit of t?
2
Suppose -i = 2*c - 108, i - 111 = -3*c - 0. What is the hundreds digit of i?
1
Let z(h) = -h**3 - 20*h**2 + 76*h - 2. What is the hundreds digit of z(-25)?
2
Suppose -16 = 4*s, -s + 6 = 2*p - 3*s. Let z(n) = -12*n - 3 - 55*n**3 + 10*n + 2 + 19*n**3 - 2*n**2. What is the units digit of z(p)?
5
Suppose 5*x - 356 - 664 = 0. Let a = 390 - x. Suppose 3*n + a = 3*p, 5*p + 5*n - 124 = 3*p. What is the units digit of p?
2
Let u be (-67)/(-3) - (-1)/(-3). Let l(d) = -9 - d + u + 13*d**2 + d**3 - 13*d**2. What is the units digit of l(0)?
3
Let d(i) = -2*i + 11. Let j = -2 - -7. Let z be d(j). What is the tens digit of z/5 - (-2241)/45?
5
Let r = -61 + 57. Let f(o) = -38*o - 26. What is the units digit of f(r)?
6
Suppose 20*t + 10 = 25*t. Suppose 197 = -m + t*m. What is the hundreds digit of m?
1
Let m be (-338)/(-91) + 4/14. Suppose -m*j + 3*x = -3*j - 4, 1 = x. Suppose 6*r - j*r = -1. What is the units digit of r?
1
Suppose 8*u = -254 + 5782. What is the units digit of u?
1
Suppose 0*f + 20 = 4*f + 4*a, 5*f + a - 29 = 0. Suppose -f*j = -10*j - 8. What is the units digit of 3 - j/((-6)/(-117))?
2
Suppose -2*t = b - 1, -2*t + 6 = 3*b + t. Suppose -p + 192 = 4*l, 6 + 530 = b*p + 2*l. What is the units digit of p?
6
Let n = -34 - 33. Let b = n + 99. What is the tens digit of b?
3
Let t(w) = -5*w - 43. Let r be t(-9). Suppose -124 = r*v - 3*v. What is the hundreds digit of v?
1
Suppose 5*y + 1510 = 23*t - 18*t, -5*y + 597 = 2*t. What is the hundreds digit of t?
3
Let g(r) = -r**3 - 9*r**2 + 12*r - 12. What is the units digit of g(-11)?
8
Let l = 2 - 4. Let j(u) = 34*u + 6. Let b(r) = -11*r - 2. Let t(p) = -11*b(p) - 4*j(p). What is the tens digit of t(l)?
2
Let h = 2038 + -950. What is the units digit of h?
8
Let a(b) = 3*b + 21. Let x be a(-7). Suppose 3*y - c - 335 = x, 2*c = -c + 3. What is the units digit of y?
2
Let c be 35/11 + (-10)/55 + 219. Suppose -6*q + 363 = 5*i - 8*q, -3*i + c = 3*q. What is the tens digit of i?
7
Suppose -4*k = -0*k - 324. Suppose 0 = 2*t + t - f + 45, 0 = 4*f. What is the units digit of 2/(-5) - k/t?
5
Let x(n) = -n**3 + 4*n**2 - n - 1. Let c be x(2). Suppose -c = z - 10. Let a(g) = g**3 - 4*g**2 - 2*g - 2. What is the units digit of a(z)?
3
Let c be 0 + -7 - (-14 + 12). Let h be (-4)/c - 3805/(-25). Suppose -7*o + 4*o + h = 0. What is the tens digit of o?
5
Let s = 803 + -482. Let y = -193 + s. What is the units digit of y?
8
Suppose y - 5*h = 3124, 5*h - 14 = 6. What is the tens digit of y?
4
Let s(q) = 16*q**2 - 3*q - 1. Let n be -10 - -6 - (0 + -7). What is the hundreds digit of s(n)?
1
What is the hundreds digit of (-6873)/(-348)*1*12?
2
Let d(s) = s + 3. Let o be d(0). Suppose o*l = 6*l. Suppose -3*h = 4*i - 58, 0 = 4*h - l*i + 3*i - 82. What is the units digit of h?
2
Let b be ((-9)/15 + 1)*5. Let c be 2*(1 + 5 - -3). Suppose x - b*x = -c. What is the units digit of x?
8
Suppose -g = -3*g. Suppose g*y + 4 = 2*y - c, 0 = -4*y - 3*c + 18. Suppose 0 = -8*l + y*l + 5. What is the units digit of l?
1
What is the tens digit of (2/9)/(2/26694)?
6
Let u = 170 - 198. Let g(l) = l - 6. Let o be g(0). What is the tens digit of o/((-8)/u*-1)?
2
Let v(i) = -100*i. Let j be v(-1). Let g = j - 38. What is the units digit of g?
2
Let r(i) = -7*i - 18. Let z be r(-3). Suppose 4*p - z*j - 475 = 0, -3*p + 3*j = j - 355. What is the units digit of p?
5
Let t(f) = 29*f**2 + 17*f - 43. What is the units digit of t(-8)?
7
Suppose 6*q - 5*q + 10 = 3*c, 3*c = -2*q - 2. Suppose 5*t + 3*f - 493 = 0, t + 0*t - 100 = -c*f. What is the units digit of t?
8
Let i(s) = 37*s**2 - 29*s + 133. What is the thousands digit of i(6)?
1
Let y be -6 - (-9 + 6 + -1). Let o(n) = -n + 0 + 3*n**2 + 0. What is the tens digit of o(y)?
1
Suppose -5*x = -8*x + 6. Let w(c) = -c**2 + 6*c + 2. Let j be w(5). Suppose j*d - 40 = x*d. What is the units digit of d?
8
Let p be (-100)/(-7) + 4/(-14). Let c be (2 - (0 + 1)) + 1. Suppose 2*x = f + c, -4*f = -7*f + x + p. What is the units digit of f?
6
Suppose 3*k - 4*t = 322, -t - 521 = -4*k - 96. What is the units digit of k?
6
What is the thousands digit of 7*(-41)/((-1722)/15480)?
2
Suppose -12*f = -10*f - 50. Let s = 84 - f. What is the units digit of s?
9
Suppose -16*h + 6108 + 32148 = 0. What is the hundreds digit of h?
3
Let d be (-15)/(-6)*(3 + -1). Suppose 4*n - 41 = -d. What is the units digit of n?
9
Let l(z) = -z**2 - 4*z + 21. Let b be l(-7). What is the units digit of 1280/4*(1/2 - b)?
0
Let z(y) = -y + 204. Let b be -1 + ((-4)/(-12))/((-4)/(-12)). What is the hundreds digit of z(b)?
2
Let r = 5064 - 2884. What is the units digit of r?
0
Let r be -3*(-4)/12*-11. Let o = -9 - r. Suppose o*f - 15 = 7. What is the units digit of f?
1
Suppose 0 = 4*l - 0*l - 5140. What is the units digit of l?
5
Suppose -2*h + 7731 = -855. What is the hundreds digit of h?
2
Let x be -4 - 1*(3 - 16). Suppose -l + x = 1. Let s(u) = -u**3 + 10*u**2 - 12*u + 15. What is the tens digit of s(l)?
4
Suppose -456*s - 1992 = -462*s. What is the tens digit of s?
3
Let v(d) = 17*d - 22. Let k be v(5). Suppose 6*x - k + 3 = 0. What is the tens digit of x?
1
Let c be 3*-3*(-16)/24. Suppose -4*u = h - 111, c*u - 8*u - 2*h = -54. What is the tens digit of u?
2
Let t = -37 - -34. What is the tens digit of 1/t - (-515)/15?
3
Let p(z) = 3*z + 28. Let n(d) = -2*d - 28. Let b(t) = -5*n(t) - 4*p(t). What is the tens digit of b(-13)?
5
Let n = 11 - 3. Let c = n + -5. Suppose 2*u - g - 16 = -c*g, -u = 3*g - 14. What is the units digit of u?
5
Let m = -48 - 13. Let c = 69 + m. What is the units digit of c?
8
Let u be ((-6)/(-14))/((-34)/119)*-98. Let b = u + -127. W